0*z**2. Let v be k(3). Let t be (-10)/v - 1/3. Calculate i(t).
12
Let n(d) = -4 + 2 + 2 + 5*d - 3. Let c(j) be the first derivative of j**2 + 5. Let z be c(1). Determine n(z).
7
Let q = 0 + 2. Let l(x) = 5*x - 5. Let b be l(q). Let w = -1 - b. Let s(i) = 3*i + 5. Give s(w).
-13
Let c(n) be the first derivative of n**4/4 + 4*n**3/3 - 4*n**2 - 16*n + 340. Determine c(-5).
-1
Let c(i) = -5*i + 4. Let j be ((-37)/148)/((-2)/8). What is c(j)?
-1
Let u = 10 - 7. Let l(q) be the second derivative of -q**5/20 + q**4/4 + q**3/2 + 3*q**2/2 - 422*q. Give l(u).
12
Let x = -165 + 167. Let t(u) = -4*u - 2*u + 7*u**2 - u. Let b(q) = -3*q**2 + 4*q. Let m(s) = x*t(s) + 5*b(s). Determine m(4).
8
Let w(a) = a**2 + 13*a + 10. Let h = 77 + -80. Let v be (-2*(-2)/4)/(h/36). Give w(v).
-2
Let b(u) be the second derivative of -u**7/840 - u**6/180 - u**5/60 + u**4/24 + 5*u**3 + 36*u. Let t(p) be the second derivative of b(p). What is t(-2)?
5
Let m(y) = y**3 + 5*y**2 - 14*y - 5. Let i be m(-6). Let b = 42 - i. Let x(q) = -1 - 2*q + 4*q + 3*q. Determine x(b).
-6
Suppose 4*d + 0*d - 252 = 5*o, 4*o - 2*d + 204 = 0. Let m = o - -57. Let w(v) = -v + 1. What is w(m)?
-4
Let h = 6 - 4. Let n(l) = l**3 - 4 - 5*l**3 + 5*l + h*l**2 + 2*l**2 - 3*l. Let o(w) = -7*w**3 + 7*w**2 + 3*w - 9. Let t(b) = 5*n(b) - 3*o(b). Calculate t(0).
7
Let k(v) = -5*v**2 + 12 + 13*v + 4*v - 8*v. Let f(i) = 12*i**2 - 17*i - 25. Let x(a) = -2*f(a) - 5*k(a). Calculate x(10).
-20
Let n be 2 + (-5 - 12/(-2)). Let b(l) = 4*l - 2. Determine b(n).
10
Let h(r) = -8*r - 142. Let x be h(-18). Let a(j) = j**2 - 2*j. Calculate a(x).
0
Let p(l) = -l**2 - 6*l - 5. Let v(s) = -s**3 - 14*s**2 - 13*s - 5. Let k be 3/((-6)/32) + 3. Let x be v(k). What is p(x)?
0
Let o(t) = 3*t**3 - 3*t**2 + t + 13. Let n(c) = -10*c**3 + 10*c**2 - 3*c - 39. Let b(y) = 2*n(y) + 7*o(y). Give b(0).
13
Let d(c) = c**2 - 9*c + 8. Let t be (24 - 19 - 46/6)*-3. What is d(t)?
0
Let m(y) = 22 + 3*y - 4 - 3*y**3 + 0*y**3 - 16 - 2*y**2. Calculate m(2).
-24
Let h(t) = t**3 + 5*t**2 - 7*t + 1. Let u be (-6 - -10)/(6/(-3)) - 4. Calculate h(u).
7
Let n(r) = 7*r**2 - 3*r + 1. Let i(m) = -3*m + 3*m**2 - 3*m + 5*m. Let p(d) = -9*i(d) + 4*n(d). Suppose -l + u + 0*u + 5 = 0, -9 = -2*l + u. Determine p(l).
8
Let c(s) be the second derivative of s**4/12 - 4*s**3/3 + 8*s**2 - 226*s. What is c(5)?
1
Let k(d) = -2*d**2 - d. Let l be k(1). Let z = l - 0. Let q(y) be the second derivative of y**3/6 + 3*y**2/2 - 10*y. Determine q(z).
0
Let o(i) = -14*i + 23. Let a(d) = 8*d - 12. Let w(x) = 5*a(x) + 3*o(x). Suppose -5*p + 3 = -22, 3*u - 34 = -2*p. Calculate w(u).
-7
Let z(g) be the first derivative of g**4/4 - 7*g**3/3 - 4*g**2 - g + 4. Let f be (1/1 - -1) + 24/4. Calculate z(f).
-1
Suppose -379*r + 394*r = -30. Let k(x) = 3*x - 2*x + 1 + 4*x. Give k(r).
-9
Let r(x) = x**2 + 3*x + 5. Let d be r(-4). Let t(k) = 5*k + d*k**2 - 3 - 10*k**2 - 2. Determine t(4).
-1
Let a = 3 + 1. Let o(u) = -u**2 + 7*u - 8. Let d be o(a). Suppose 0 = -d*b - 17 + 1. Let y(w) = -w**2 - 6*w - 3. What is y(b)?
5
Let c(g) = g**3 - 2*g**2 + g - 2. Let d be ((-36)/126)/((-2)/14). Give c(d).
0
Let j be (-51)/(-12) + (-3)/12. Let d(x) = 8*x**3 - 7*x**2 + 3*x - 23. Let v(t) = -3*t**3 + 3*t**2 - t + 8. Let b(h) = 4*d(h) + 11*v(h). Calculate b(j).
16
Let l(r) be the first derivative of -1/6*r**3 + r + 1/12*r**4 + 3/20*r**5 + 1/2*r**2 - 2. Let p(y) be the first derivative of l(y). Determine p(1).
4
Suppose -4*t = d + 10, 2 - 4 = -d. Let v(u) = u + 1. Let f(h) be the third derivative of -2*h**3/3 + 3*h**2. Let l(b) = t*v(b) + f(b). Determine l(-6).
11
Let q = 11 - 9. Let k(z) = 3*z**2 - 8*z - 5 + q + 0. Let r(b) = -7*b**2 + 17*b + 6. Let s(j) = 9*k(j) + 4*r(j). Calculate s(-5).
-8
Suppose -12 = 3*i, 0 = -7*a + 9*a - 3*i - 10. Let k(w) be the third derivative of -7*w**5/15 + w**3/6 - 6*w**2. Calculate k(a).
-27
Suppose -2*x = -4*f - 26, x - 7*f - 28 = -2*f. Suppose -5*r - 4 = -p, x*r = 6*r. Suppose -4*d + 0*b + 2*b = p, 3*b + 6 = 0. Let l(v) = -v + 1. What is l(d)?
3
Let u(d) be the third derivative of -d**6/360 + d**4/12 + 2*d**3 + 2*d**2. Let q(w) be the first derivative of u(w). Calculate q(0).
2
Let r(y) = -2*y - 9. Suppose 0 = 3*j - 3*o + 30, -3*j - 5*o = -5*j - 32. Determine r(j).
3
Let k(r) = -7*r**3 - 17*r**2 - 7*r + 11. Let h(d) = 3*d - 2*d**3 + 8*d**2 - 5*d**3 + 6*d**3 + 4*d**3 - 5. Let c(v) = -5*h(v) - 2*k(v). Calculate c(-5).
-17
Let l(f) = f - 7. Suppose -b = b. Suppose -7*m - 4 - 31 = b. Calculate l(m).
-12
Suppose 2*m - 5*q = 5*m - 1155, -5*q - 1155 = -3*m. Let c(z) = -384 + m + 0*z**2 + z**2 - 2*z + 6*z. Give c(-5).
6
Suppose -5*r + 13 = m - 15, 2*m = r + 1. Suppose 55 = r*j + 7*s - 2*s, -5*j + s = -25. Suppose 4*d + j = 2*d. Let b(w) = w**2 + 3*w + 1. Give b(d).
1
Let f(z) be the second derivative of 2*z + 3/2*z**2 + 0 + 1/3*z**3. Give f(-4).
-5
Let x(g) = -95*g**2 - 31 + 4*g + 194*g**2 - 98*g**2 - 2*g. Calculate x(-7).
4
Let o(n) = -n**2 - 5*n + 3. Suppose 0 = -5*a - 26 - 64. Let b = 24 + a. Let h be (b + -9)/(3/5). Calculate o(h).
3
Let r(c) be the second derivative of c**5/120 - c**4/6 - 5*c**3/3 - 7*c. Let d(n) be the second derivative of r(n). Determine d(5).
1
Let q(u) = -2*u - 6. Let i(v) be the second derivative of 7*v**3/6 + 3*v**2 + 8*v. Let p be i(-4). Let l = p - -18. Calculate q(l).
2
Let c(l) = l**2 - 4*l - 6. Let u(d) = -21*d - 148. Let f be u(-7). Suppose -z + 12 + 7 = 2*r, -4*r + 3*z + 13 = 0. Let b = f + r. What is c(b)?
6
Let x(i) = i**3 + 8*i**2 + 6*i - 2. Let r = -16 + 19. Suppose 4*p = 0, -35 = 2*m + r*m + 4*p. Determine x(m).
5
Let u be -9 - (-2 - (-8 - -9)). Suppose 0 = -4*v - 4*a - 16 - 20, -4*a - 12 = -2*v. Let j be (v/u)/((-26)/195). Let d(p) = -p - 8. Calculate d(j).
-3
Let b(g) = 13*g**2 + 5*g - 1. Let t(x) = -10*x - 7*x + 6*x + 2 - 27*x**2. Suppose -4*j - 17 - 35 = 0. Let i(f) = j*b(f) - 6*t(f). Give i(-1).
-7
Let g(m) = -4*m - 11. Let u(v) = 126*v + 7 - 124*v - 2. Let d(z) = 4*g(z) + 9*u(z). Calculate d(-6).
-11
Suppose -28 = -6*j + 2*j + u, 0 = -3*j - 4*u + 21. Suppose 0 = -2*o + j*o - 5. Let s(g) = -5*g**2 + o - g**3 - 3 + 7*g + 4. Calculate s(-6).
-4
Suppose 2*l = 2*v + 5 - 13, 2*l = -2*v. Suppose 3*c - c = 26. Suppose v + c = 3*q. Let i(u) = -u**2 + 4*u + 5. Give i(q).
0
Let n(d) = d**2 + 6*d + 7. Suppose -54*c = -0*c + 324. Determine n(c).
7
Let g(m) = -m**2 - 7*m - 5. Let p = -15 + 23. Let f = p - 12. Calculate g(f).
7
Suppose -2*m + 2*r - 5 = -7, -m + 4*r = 5. Let g(b) = -5*b + 3*b**3 - 5*b**2 + 4 + 2*b**2 - b**3. Determine g(m).
16
Let s(g) = g**3 + 19*g**2 + 34*g - 6. Let a be s(-17). Let d(q) = -q**3 - 5*q**2 + 10*q + 14. Determine d(a).
-10
Let v(g) = 2*g - 1 + 0*g + 0*g. Suppose 0 = -8*o + 29*o - 63. Calculate v(o).
5
Let g = 25 + -27. Let r(l) = -l**3 - 1. Let k(q) = 3*q**3 - 4*q**2 + 2. Let t(f) = g*r(f) - k(f). Calculate t(4).
0
Let h(a) be the third derivative of 3/2*a**3 + 0 - 5*a**2 + 0*a + 1/24*a**4. Calculate h(-7).
2
Let s(o) = -7 - 8 - 8 - 4*o + 3*o + 16. Let u be ((-6)/3)/(1/10). Let t = u - -14. Calculate s(t).
-1
Suppose 5*q = -4*v + 44, -4*v + 20 = -3*q + 2*q. Let b(j) = 16 + 5*j**2 + 20 + j**3 - 31 + v*j. What is b(-4)?
-3
Let n(w) = w**2 + 7*w - 10. Let p be (-2 - 2*5)/((-20)/70). Let o be (p/(-18))/(2/6). Determine n(o).
-10
Let p(u) = 40*u - 1. Let t = 234 + -233. What is p(t)?
39
Let d(z) = -13*z - 2*z + 11 + 4*z + 8*z + 5*z. Determine d(-13).
-15
Suppose -4*q - 5*h = -21, -3*q + 2*h + 15 = 6*h. Suppose 15*j - 12 = q*j. Let l(z) = z. Give l(j).
2
Let j = -167 - -166. Let g(k) = -16*k + 1. Give g(j).
17
Suppose c = 2*a, -14 = -a - 3*c - 0*c. Let l(z) = z**3 - 2*z**2 + 3*z - 3. Give l(a).
3
Let o(x) = -10*x**2 + 32*x - 22. Let l = 13 - 25. Suppose -2*z - z = 15. Let j(c) = 4*c**2 - 13*c + 9. Let v(p) = l*j(p) + z*o(p). What is v(3)?
8
Suppose 2*x + 19 = -4*y + 55, 0 = x. Let r = y - 15. Let b(w) be the second derivative of -w**5/20 - 5*w**4/12 + w**3 - w**2 - 2*w. What is b(r)?
-2
Let t(h) = -h + 3. Let n be t(0). Let k(y) = 2*y + n*y - 4*y. Let v(i) = 1. Let d(s) = 3*k(s) + 2*v(s). What is d(2)?
8
Let y(k) be the third derivative of -k**8/6720 + k**7/420 - k**6/360 + 3*k**5/40 + k**4/24 - 14*k**2. Let p(m) be the second derivative of y(m). Give p(6).
-3
Let m = 10 + -7. Let z = 13 - 7. Let x(w) = 2*w - 1 - 2 + w**m - z